d 689.
13
Calculate the highest common factor of 15 and 424925.
5
What is the greatest common factor of 1521 and 252993?
507
What is the greatest common divisor of 9876 and 24?
12
Calculate the highest common divisor of 625 and 223.
1
Calculate the greatest common divisor of 165814 and 2112.
22
Calculate the greatest common divisor of 4623 and 24187.
67
Calculate the greatest common factor of 416 and 2704.
208
Calculate the highest common divisor of 2204 and 6536.
76
Calculate the highest common divisor of 772 and 325012.
772
What is the greatest common factor of 147 and 1659?
21
Calculate the highest common factor of 294 and 42238.
98
What is the highest common divisor of 28 and 50260?
28
Calculate the highest common factor of 39639 and 1752.
219
What is the greatest common factor of 9628 and 464?
116
What is the highest common factor of 2764 and 164?
4
Calculate the highest common divisor of 80580 and 1156.
68
Calculate the highest common divisor of 81435 and 135.
15
Calculate the greatest common divisor of 2703 and 6.
3
What is the greatest common divisor of 4250 and 124100?
850
What is the highest common divisor of 28244 and 42136?
92
What is the highest common divisor of 753034 and 1034?
94
What is the greatest common factor of 20 and 2079040?
20
Calculate the highest common factor of 875869 and 379.
379
What is the greatest common factor of 43 and 8437116?
43
Calculate the greatest common divisor of 638 and 23254.
22
What is the greatest common divisor of 591630 and 740?
370
What is the greatest common factor of 5959 and 23364?
59
What is the greatest common factor of 279 and 8184?
93
Calculate the greatest common divisor of 45708 and 9022.
26
Calculate the greatest common factor of 1224 and 11133.
9
What is the greatest common factor of 211379 and 28?
7
Calculate the greatest common divisor of 1 and 12050.
1
Calculate the highest common factor of 405 and 175.
5
Calculate the greatest common factor of 3752 and 87703.
469
What is the greatest common factor of 1233 and 297?
9
What is the highest common divisor of 80610 and 1920?
30
What is the highest common factor of 225 and 261405?
45
What is the greatest common divisor of 231 and 9135?
21
Calculate the greatest common divisor of 40677 and 182.
91
What is the highest common factor of 14857 and 166?
83
What is the greatest common factor of 1281 and 25501?
7
Calculate the greatest common factor of 11727 and 567.
9
Calculate the highest common factor of 44821 and 2527.
133
Calculate the highest common factor of 35910 and 343.
7
What is the highest common divisor of 15730 and 91520?
1430
What is the greatest common divisor of 642 and 423506?
214
Calculate the highest common factor of 1476 and 21484.
164
What is the greatest common divisor of 194804 and 62?
62
Calculate the highest common factor of 2 and 486.
2
Calculate the highest common divisor of 1536619 and 7.
7
Calculate the highest common divisor of 1904 and 1445.
17
What is the greatest common factor of 693 and 19624?
11
Calculate the greatest common factor of 5306084 and 434.
434
Calculate the greatest common factor of 4 and 1538.
2
Calculate the highest common divisor of 684 and 25236.
36
Calculate the greatest common divisor of 3 and 7214.
1
Calculate the greatest common factor of 4 and 33040.
4
What is the highest common factor of 307846 and 308?
154
Calculate the highest common factor of 9664 and 2869.
151
What is the highest common factor of 732 and 42216?
12
Calculate the highest common divisor of 4557 and 123256.
217
Calculate the highest common divisor of 190 and 1015.
5
Calculate the highest common divisor of 101832 and 6.
6
What is the highest common divisor of 2416 and 7701?
151
Calculate the highest common factor of 408 and 408.
408
What is the greatest common divisor of 460 and 1518?
46
Calculate the highest common divisor of 893 and 31255.
893
Calculate the highest common divisor of 7902 and 36.
18
Calculate the highest common divisor of 436669 and 16973.
1543
What is the highest common divisor of 3113 and 12496?
11
Calculate the highest common factor of 293947 and 51.
17
Calculate the highest common divisor of 117 and 32201.
13
Calculate the highest common factor of 86575 and 6075.
25
What is the highest common divisor of 32188 and 65?
13
Calculate the greatest common divisor of 152 and 9500.
76
Calculate the greatest common factor of 12077 and 793.
13
What is the highest common factor of 51 and 255935?
17
What is the greatest common divisor of 24285 and 960?
15
What is the greatest common divisor of 47978 and 847?
7
What is the greatest common divisor of 1974 and 41783?
329
Calculate the highest common divisor of 2760805 and 690.
115
Calculate the highest common divisor of 3 and 55998.
3
What is the highest common factor of 132304 and 128?
16
What is the greatest common divisor of 64 and 594736?
16
Calculate the greatest common factor of 470 and 135595.
235
Calculate the highest common divisor of 219880 and 1840.
920
What is the highest common divisor of 1344 and 1021664?
224
Calculate the highest common factor of 1230 and 1120940.
410
Calculate the highest common divisor of 890 and 42898.
178
Calculate the highest common factor of 101 and 9760943.
101
What is the greatest common factor of 3040 and 1558?
38
Calculate the greatest common divisor of 41 and 835949.
41
What is the highest common divisor of 64044 and 432?
108
What is the highest common factor of 2 and 202226?
2
What is the highest common factor of 27935 and 481?
37
What is the greatest common factor of 7665 and 1260?
105
What is the highest common factor of 7490 and 350?
70
What is the greatest common divisor of 117689 and 26?
13
What is the highest common factor of 241 and 3566077?
241
Calculate the greatest common factor of 197 and 104016.
197
Calculate the greatest common factor of 266987 and 301.
301
What is the highest common factor of 45651 and 72?
3
Calculate the greatest common factor of 95 and 2869.
19
Calculate the greatest common factor of 3619 and 37114.
77
Calculate the highest common factor of 242 and 9944.
22
Calculate the greatest common factor of 522 and 317637.
261
What is the greatest common divisor of 162373 and 20644?
397
Calculate the highest common factor of 1055 and 11183.
211
Calculate the greatest common divisor of 46 and 41055.
23
What is the highest common divisor of 656894 and 1764?
98
Calculate the highest common divisor of 135561 and 47961.
219
What is the highest common factor of 697 and 7157?
17
Calculate the highest common factor of 1035871 and 339.
113
Calculate the greatest common factor of 2611 and 1694.
7
What is the highest common divisor of 30 and 391953?
3
What is the greatest common divisor of 320 and 25280?
320
What is the greatest common divisor of 50 and 2292050?
50
What is the highest common divisor of 100573 and 7667?
451
Calculate the greatest common divisor of 1275 and 118200.
75
Calculate the highest common factor of 101 and 350167.
101
What is the greatest common factor of 1408 and 200?
8
What is the highest common factor of 2747 and 1312?
41
Calculate the highest common divisor of 30919 and 188669.
631
Calculate the greatest common factor of 128752 and 32.
16
Calculate the greatest common divisor of 24244 and 3770.
58
Calculate the greatest common factor of 2645 and 68310.
115
What is the greatest common factor of 5724 and 3996?
108
What is the highest common factor of 749710 and 730?
730
Calculate the highest common factor of 372 and 840684.
12
What is the highest common divisor of 990863 and 67?
67
Calculate the highest common factor of 100232 and 2720.
136
What is the highest common factor of 1112 and 171109?
139
Calculate the highest common factor of 162653 and 933.
311
What is the highest common divisor of 6023 and 76?
19
Calculate the highest common factor of 975959 and 23.
23
What is the greatest common factor of 51 and 527?
17
What is the highest common divisor of 24361 and 493?
17
What is the highest common factor of 24 and 2619852?
12
What is the greatest common divisor of 993268 and 4?
4
What is the greatest common divisor of 525 and 63075?
75
What is the highest common factor of 88 and 1619948?
44
Calculate the greatest common divisor of 8303 and 3979.
23
Calculate the highest common divi